24913
-13003 (base 4) to base 15
-201
72 (base 14) to base 16
64
-46636 (base 7) to base 13
-55ba
What is -2145 (base 6) in base 3?
-200102
What is -75 (base 8) in base 10?
-61
What is 369 (base 12) in base 9?
630
What is 27d5 (base 14) in base 2?
1101110000111
-611a (base 12) to base 10
-10534
202023 (base 5) to base 9
8836
What is -1310 (base 12) in base 10?
-2172
Convert 428 (base 12) to base 7.
1526
1110110 (base 2) to base 4
1312
-bb (base 12) to base 16
-8f
Convert 1a056 (base 11) to base 10.
28012
8a (base 16) to base 9
163
Convert -2201200 (base 3) to base 2.
-11111000101
What is -49d (base 15) in base 10?
-1048
What is -102011 (base 3) in base 10?
-301
What is -12011 (base 4) in base 14?
-1db
Convert 30303301 (base 4) to base 9.
78864
Convert 1241 (base 7) to base 14.
258
Convert 25225 (base 6) to base 4.
322301
Convert 6950 (base 12) to base 6.
130140
Convert 1100000100111 (base 2) to base 6.
44343
Convert 716 (base 8) to base 12.
326
What is -b1ea (base 15) in base 3?
-1220112111
What is 110100001101101 (base 2) in base 10?
26733
Convert -4432 (base 9) to base 7.
-12350
What is 1036 (base 10) in base 2?
10000001100
-67272 (base 8) to base 12
-144a2
Convert -474 (base 12) to base 4.
-22120
Convert 312a (base 16) to base 8.
30452
What is b50 (base 12) in base 5?
23034
Convert -1021210100 (base 3) to base 9.
-37710
Convert 303 (base 7) to base 14.
aa
What is -378 (base 14) in base 9?
-851
Convert -3520 (base 6) to base 8.
-1510
What is 1110101 (base 3) in base 11?
887
-15 (base 15) to base 14
-16
-14e4 (base 15) to base 16
-1189
-500340 (base 6) to base 8
-114144
Convert 1110100 (base 2) to base 7.
224
20263 (base 7) to base 10
4945
-386 (base 12) to base 13
-321
-39a0 (base 15) to base 2
-11000000001100
Convert 78774 (base 9) to base 14.
15145
-3bbe (base 16) to base 6
-154450
Convert -b20c (base 15) to base 12.
-19903
-12221010 (base 3) to base 7
-15414
Convert -4352 (base 10) to base 5.
-114402
11010001101100 (base 2) to base 12
7924
Convert 112021 (base 3) to base 6.
1441
-1b7 (base 15) to base 14
-205
-653 (base 10) to base 7
-1622
What is -137 (base 11) in base 10?
-161
What is -1011430 (base 5) in base 8?
-40152
What is 162002 (base 7) in base 3?
1121202112
What is -144443 (base 5) in base 9?
-8512
What is -b6b (base 13) in base 5?
-30243
201222001 (base 3) to base 2
11100011011010
What is -4000 (base 8) in base 4?
-200000
What is -25304 (base 6) in base 7?
-14014
420 (base 9) to base 16
156
What is 10200220 (base 3) in base 4?
222021
Convert -947 (base 13) to base 4.
-120230
What is 516 (base 12) in base 14?
3aa
Convert 59ba (base 12) to base 2.
10011101011110
What is -2a0b (base 16) in base 5?
-321023
Convert 1023122 (base 4) to base 5.
123301
What is -1003320 (base 5) in base 10?
-16085
1066 (base 8) to base 11
475
Convert 1222122 (base 3) to base 11.
10a7
What is 2076 (base 9) in base 7?
4311
What is 11511 (base 7) in base 10?
2997
Convert -3134 (base 5) to base 10.
-419
3500 (base 8) to base 6
12332
-b543 (base 15) to base 10
-38313
Convert -1c18 (base 14) to base 9.
-7016
-111100100101 (base 2) to base 12
-22b1
What is -1064 (base 11) in base 13?
-83a
Convert -12a88 (base 11) to base 8.
-44261
Convert 23162 (base 7) to base 12.
3518
Convert -11333 (base 4) to base 14.
-1d5
Convert 11000111111 (base 2) to base 12.
b13
What is 111100210 (base 3) in base 5?
302431
What is 174a (base 13) in base 14?
137c
Convert 2ca (base 14) to base 9.
703
101210 (base 3) to base 2
100100011
Convert -1011210201 (base 3) to base 2.
-101101010010001
Convert -237 (base 13) to base 10.
-384
What is 141042 (base 5) in base 11?
4378
What is -10010001101000 (base 2) in base 5?
-244240
What is -2442 (base 12) in base 14?
-16b8
13443 (base 5) to base 11
931
Convert -2793 (base 16) to base 9.
-14806
Convert -30122002 (base 4) to base 8.
-143202
What is 2413013 (base 5) in base 4?
22323112
What is -939 (base 10) in base 11?
-784
What is -110121 (base 3) in base 7?
-664
What is 60 (base 7) in base 14?
30
Convert -753e (base 16) to base 5.
-1430024
Convert 203322 (base 6) to base 2.
11111111000010
-9869 (base 10) to base 11
-7462
Convert 26156 (base 7) to base 3.
100112102
Convert 3131 (base 4) to base 5.
1341
-31313201 (base 4) to base 15
-11c6b
-80 (base 12) to base 2
-1100000
What is -221112 (base 4) in base 12?
-1646
What is 952 (base 16) in base 8?
4522
What is 1011000010 (base 2) in base 16?
2c2
Convert 65643 (base 8) to base 14.
a083
What is 4a4 (base 13) in base 3?
1010000
-1224 (base 6) to base 3
-102021
Convert 33611 (base 11) to base 10.
48654
22c2b (base 13) to base 4
33201131
Convert 1933 (base 10) to base 11.
14a8
Convert 1100111001010000 (base 2) to base 3.
2200110011
Convert -5303 (base 6) to base 16.
-4a7
What is 1211220111 (base 3) in base 14?
d38a
-360 (base 11) to base 13
-270
Convert -112210010 (base 3) to base 8.
-25030
-12112112 (base 3) to base 2
-111111000101
-37625 (base 10) to base 7
-214460
What is -13222 (base 4) in base 13?
-2b9
Convert -224400 (base 5) to base 3.
-102010000
What is -331030 (base 4) in base 9?
-5331
2236 (base 8) to base 4
102132
Convert 2211000010 (base 3) to base 5.
3233112
a5c (base 13) to base 10
1767
What is 3238 (base 15) in base 7?
42662
-12201 (base 4) to base 6
-1533
What is 20a (base 13) in base 5?
2343
Convert -2020100002 (base 3) to base 2.
-1010101111010001
-120012202 (base 3) to base 12
-6502
What is -1354 (base 6) in base 2?
-101100110
What is -15218 (base 10) in base 3?
-202212122
What is 1bb (base 13) in base 2?
101000011
-63b0 (base 13) to base 15
-4172
What is -40727 (base 9) in base 16?
-68d4
What is -250103 (base 6) in base 7?
-121230
What is 1b3 (base 16) in base 8?
663
Convert -10000010000100001 (base 2) to base 3.
-10101100102
What is -987b (base 12) in base 3?
-212001012
What is 61342 (base 7) in base 9?
22424
-10101000 (base 3) to base 7
-10110
Convert 120441 (base 5) to base 11.
3418
3792 (base 11) to base 14
1b2d
220100102 (base 3) to base 13
8105
Convert -18d (base 15) to base 5.
-2413
Convert 100134 (base 8) to base 5.
2022420
-16a58 (base 11) to base 10
-23900
What is -100200 (base 3) in base 7?
-522
Convert -277 (base 9) to base 8.
-350
1267 (base 13) to base 5
40440
Convert -3ba (base 16) to base 14.
-4c2
Convert -1101 (base 4) to base 9.
-100
What is -204240 (base 5) in base 8?
-15244
Convert -76 (base 9) to base 15.
-49
22001122 (base 3) to base 16
16f4
-13463 (base 10) to base 8
-32227
-20ab (base 13) to base 14
-191d
What is -2053 (base 14) in base 12?
-3275
9a6 (base 13) to base 12
b61
Convert -1031103 (base 4) to base 6.
-34523
Convert -6824 (base 9) to base 2.
-1001110110100
Convert 1203220 (base 5) to base 9.
33538
What is -6502 (base 10) in base 8?
-14546
What is -101202 (base 4) in base 9?
-1476
What is -1c86 (base 16) in base 11?
-5539
Convert 202 (base 15) to base 5.
3302
Convert -1025 (base 6) to base 2.
-11101001
What is -20644 (base 7) in base 3?
-21000221
Convert -12020133 (base 4) to base 3.
-1021110100
21121120 (base 3) to base 13
26ac
-50222 (base 7) to base 16
-2f57
Convert -631 (base 8) to base 6.
-1521
Convert 20d (base 16) to base 11.
438
-111310 (base 5) to base 13
-1a53
Convert 589 (base 12) to base 3.
1010120
-30a9 (base 12) to base 14
-1d17
Convert -68a1 (base 14) to base 6.
-220045
-10656 (base 8) to base 5
-121101
-31334 (base 5) to base 16
-82e
Convert -212002 (base 5) to base 11.
-539a
What is 230 (base 14) in base 5?
3214
What is -1113100 (base 4) in base 11?
-4217
What is 2101 (base 7) in base 11?
60a
What is 3763 (base 11) in base 2?
1001100101101
What is -39126 (base 11) in base 3?
-2211212222
What is 8693 (base 12) in base 10?
14799
-4741 (base 8) to base 12
-1569
Convert 16283 (base 13) to base 4.
22103030
Convert 3331 (base 8) to base 11.
1354
What is -103c3 (base 14) in base 4?
-21210013
-28 (base 15) to base 4
-212
38a (base 11) to base 12
325
Convert 7562 (base 9) to base 10.
5564
5280 (base 12) to base 16
2340
16038 (base 9) to base 10
10970
-377 (base 10) to base 15
-1a2
Convert -1ba (base 16) to base 14.
-238
What is -8623 (base 9) in base 3?
-22200210
What is -102110 (base 3) in base 14?
-181
What is -320113 (base 6) in base 11?
-18565
Convert -5571 (base 14) to base 8.
-34717
Convert -504 (base 13) to base 9.
-1143
Convert -16